(506,9,52,'images/9/52/18741579857426.png','thumb_1579857426.png','{\"elements\":[{\"type\":\"background\",\"width\":\"1\",\"text_id\":\"\",\"text_font_color_alpha\":\"\",\"text_alignment\":\"\",\"text_font_shadow_size\":\"\",\"text_font_shadow_color_alpha\":\"\",\"text_font_stroke_color\":\"\",\"image_brightness\":\"0.0\",\"old_image\":\"images/9/52/image_name/68881579857426.png\",\"base_width\":\"375\",\"id\":\"1\",\"height\":\"1\",\"text_name\":\"\",\"text_font_letter_spacing\":\"\",\"text_font_color\":\"\",\"text_font_shadow_color\":\"\",\"text_isEmoji\":\"\",\"text_position_center_x\":\"\",\"template_background_color\":\"\",\"image_constrast\":\"1\",\"x\":\"0.0\",\"Scale\":\"1\",\"text_font_family\":\"\",\"text_font_line_spacing\":\"\",\"text_font_shadow\":\"\",\"text_font_shadow_distance\":\"\",\"text_font_stroke\":\"\",\"text_position_center_y\":\"\",\"backgroundType\":\"3\",\"image_saturation\":\"1\",\"y\":\"0.0\",\"rotation\":\"\",\"text_font_size\":\"\",\"text_font_uppercase_lowercase\":\"\",\"text_transform\":\"\",\"text_font_shadow_angle\":\"\",\"text_font_stroke_size\":\"\",\"image_id\":\"1\",\"image_filter\":\"none\",\"image_sharpness\":\"\",\"image_name\":\"images/9/52/image_name/68881579857426.png\"},{\"type\":\"text\",\"width\":\"1.5\",\"text_id\":\"1\",\"text_font_color_alpha\":\"1\",\"text_alignment\":\"1\",\"text_font_shadow_size\":\"\",\"text_font_shadow_color_alpha\":\"\",\"text_font_stroke_color\":\"\",\"image_brightness\":\"\",\"old_image\":\"\",\"base_width\":\"375\",\"id\":\"2\",\"height\":\"0.5\",\"text_name\":\"CADY IS\",\"text_font_letter_spacing\":\"\",\"text_font_color\":\"#ffffff\",\"text_font_shadow_color\":\"\",\"text_isEmoji\":\"\",\"text_position_center_x\":\"0.5\",\"template_background_color\":\"\",\"image_constrast\":\"\",\"x\":\"0.5\",\"Scale\":\"0.47\",\"text_font_family\":\"Futura-Bold\",\"text_font_line_spacing\":\"\",\"text_font_shadow\":\"\",\"text_font_shadow_distance\":\"\",\"text_font_stroke\":\"\",\"text_position_center_y\":\"0.23\",\"backgroundType\":\"\",\"image_saturation\":\"\",\"y\":\"0.23\",\"rotation\":\"0.0\",\"text_font_size\":\"100\",\"text_font_uppercase_lowercase\":\"2\",\"text_transform\":\"\",\"text_font_shadow_angle\":\"\",\"text_font_stroke_size\":\"\",\"image_id\":\"\",\"image_filter\":\"\",\"image_sharpness\":\"\",\"image_name\":\"\"},{\"type\":\"text\",\"width\":\"2.1\",\"text_id\":\"2\",\"text_font_color_alpha\":\"1\",\"text_alignment\":\"1\",\"text_font_shadow_size\":\"\",\"text_font_shadow_color_alpha\":\"\",\"text_font_stroke_color\":\"\",\"image_brightness\":\"\",\"old_image\":\"\",\"base_width\":\"375\",\"id\":\"3\",\"height\":\"0.5\",\"text_name\":\"HOME FOR\",\"text_font_letter_spacing\":\"\",\"text_font_color\":\"#ffffff\",\"text_font_shadow_color\":\"\",\"text_isEmoji\":\"\",\"text_position_center_x\":\"0.5\",\"template_background_color\":\"\",\"image_constrast\":\"\",\"x\":\"0.5\",\"Scale\":\"0.47\",\"text_font_family\":\"Futura-Bold\",\"text_font_line_spacing\":\"\",\"text_font_shadow\":\"\",\"text_font_shadow_distance\":\"\",\"text_font_stroke\":\"\",\"text_position_center_y\":\"0.3\",\"backgroundType\":\"\",\"image_saturation\":\"\",\"y\":\"0.3\",\"rotation\":\"0.0\",\"text_font_size\":\"100\",\"text_font_uppercase_lowercase\":\"2\",\"text_transform\":\"\",\"text_font_shadow_angle\":\"\",\"text_font_stroke_size\":\"\",\"image_id\":\"\",\"image_filter\":\"\",\"image_sharpness\":\"\",\"image_name\":\"\"},{\"type\":\"text\",\"width\":\"0.95\",\"text_id\":\"3\",\"text_font_color_alpha\":\"1\",\"text_alignment\":\"1\",\"text_font_shadow_size\":\"\",\"text_font_shadow_color_alpha\":\"\",\"text_font_stroke_color\":\"\",\"image_brightness\":\"\",\"old_image\":\"\",\"base_width\":\"375\",\"id\":\"4\",\"height\":\"0.5\",\"text_name\":\"THE\",\"text_font_letter_spacing\":\"\",\"text_font_color\":\"#ffffff\",\"text_font_shadow_color\":\"\",\"text_isEmoji\":\"\",\"text_position_center_x\":\"0.5\",\"template_background_color\":\"\",\"image_constrast\":\"\",\"x\":\"0.5\",\"Scale\":\"0.47\",\"text_font_family\":\"Futura-Bold\",\"text_font_line_spacing\":\"\",\"text_font_shadow\":\"\",\"text_font_shadow_distance\":\"\",\"text_font_stroke\":\"\",\"text_position_center_y\":\"0.37\",\"backgroundType\":\"\",\"image_saturation\":\"\",\"y\":\"0.37\",\"rotation\":\"0.0\",\"text_font_size\":\"100\",\"text_font_uppercase_lowercase\":\"2\",\"text_transform\":\"\",\"text_font_shadow_angle\":\"\",\"text_font_stroke_size\":\"\",\"image_id\":\"\",\"image_filter\":\"\",\"image_sharpness\":\"\",\"image_name\":\"\"},{\"type\":\"text\",\"width\":\"1.5\",\"text_id\":\"4\",\"text_font_color_alpha\":\"1\",\"text_alignment\":\"1\",\"text_font_shadow_size\":\"\",\"text_font_shadow_color_alpha\":\"\",\"text_font_stroke_color\":\"\",\"image_brightness\":\"\",\"old_image\":\"\",\"base_width\":\"375\",\"id\":\"5\",\"height\":\"0.5\",\"text_name\":\"HOLIDAYS\",\"text_font_letter_spacing\":\"\",\"text_font_color\":\"#ffffff\",\"text_font_shadow_color\":\"\",\"text_isEmoji\":\"\",\"text_position_center_x\":\"0.5\",\"template_background_color\":\"\",\"image_constrast\":\"\",\"x\":\"0.5\",\"Scale\":\"0.47\",\"text_font_family\":\"Futura-Bold\",\"text_font_line_spacing\":\"\",\"text_font_shadow\":\"\",\"text_font_shadow_distance\":\"\",\"text_font_stroke\":\"\",\"text_position_center_y\":\"0.44\",\"backgroundType\":\"\",\"image_saturation\":\"\",\"y\":\"0.44\",\"rotation\":\"0.0\",\"text_font_size\":\"100\",\"text_font_uppercase_lowercase\":\"2\",\"text_transform\":\"\",\"text_font_shadow_angle\":\"\",\"text_font_stroke_size\":\"\",\"image_id\":\"\",\"image_filter\":\"\",\"image_sharpness\":\"\",\"image_name\":\"\"},{\"type\":\"text\",\"width\":\"3.2\",\"text_id\":\"5\",\"text_font_color_alpha\":\"1\",\"text_alignment\":\"1\",\"text_font_shadow_size\":\"\",\"text_font_shadow_color_alpha\":\"\",\"text_font_stroke_color\":\"\",\"image_brightness\":\"\",\"old_image\":\"\",\"base_width\":\"375\",\"id\":\"6\",\"height\":\"0.4\",\"text_name\":\"TIME TO WELCOME HER BACK\",\"text_font_letter_spacing\":\"\",\"text_font_color\":\"#ffffff\",\"text_font_shadow_color\":\"\",\"text_isEmoji\":\"\",\"text_position_center_x\":\"0.5\",\"template_background_color\":\"\",\"image_constrast\":\"\",\"x\":\"0.5\",\"Scale\":\"0.13\",\"text_font_family\":\"Futura-Medium\",\"text_font_line_spacing\":\"\",\"text_font_shadow\":\"\",\"text_font_shadow_distance\":\"\",\"text_font_stroke\":\"\",\"text_position_center_y\":\"0.11\",\"backgroundType\":\"\",\"image_saturation\":\"\",\"y\":\"0.11\",\"rotation\":\"0.0\",\"text_font_size\":\"100\",\"text_font_uppercase_lowercase\":\"2\",\"text_transform\":\"\",\"text_font_shadow_angle\":\"\",\"text_font_stroke_size\":\"\",\"image_id\":\"\",\"image_filter\":\"\",\"image_sharpness\":\"\",\"image_name\":\"\"},{\"type\":\"text\",\"width\":\"4.5\",\"text_id\":\"6\",\"text_font_color_alpha\":\"1\",\"text_alignment\":\"1\",\"text_font_shadow_size\":\"\",\"text_font_shadow_color_alpha\":\"\",\"text_font_stroke_color\":\"\",\"image_brightness\":\"\",\"old_image\":\"\",\"base_width\":\"375\",\"id\":\"7\",\"height\":\"0.4\",\"text_name\":\"LET CELEBRATE WITH GREAT MUSIC, DANCING, AND EGGNOG!\",\"text_font_letter_spacing\":\"\",\"text_font_color\":\"#ffffff\",\"text_font_shadow_color\":\"\",\"text_isEmoji\":\"\",\"text_position_center_x\":\"0.5\",\"template_background_color\":\"\",\"image_constrast\":\"\",\"x\":\"0.5\",\"Scale\":\"0.09\",\"text_font_family\":\"Futura-Medium\",\"text_font_line_spacing\":\"\",\"text_font_shadow\":\"\",\"text_font_shadow_distance\":\"\",\"text_font_stroke\":\"\",\"text_position_center_y\":\"0.13\",\"backgroundType\":\"\",\"image_saturation\":\"\",\"y\":\"0.13\",\"rotation\":\"0.0\",\"text_font_size\":\"100\",\"text_font_uppercase_lowercase\":\"2\",\"text_transform\":\"\",\"text_font_shadow_angle\":\"\",\"text_font_stroke_size\":\"\",\"image_id\":\"\",\"image_filter\":\"\",\"image_sharpness\":\"\",\"image_name\":\"\"},{\"type\":\"text\",\"width\":\"1.75\",\"text_id\":\"7\",\"text_font_color_alpha\":\"1\",\"text_alignment\":\"1\",\"text_font_shadow_size\":\"\",\"text_font_shadow_color_alpha\":\"\",\"text_font_stroke_color\":\"\",\"image_brightness\":\"\",\"old_image\":\"\",\"base_width\":\"375\",\"id\":\"8\",\"height\":\"0.5\",\"text_name\":\"DEC.20 \\u2022 7PM\",\"text_font_letter_spacing\":\"\",\"text_font_color\":\"#ffffff\",\"text_font_shadow_color\":\"\",\"text_isEmoji\":\"\",\"text_position_center_x\":\"0.5\",\"template_background_color\":\"\",\"image_constrast\":\"\",\"x\":\"0.5\",\"Scale\":\"0.26\",\"text_font_family\":\"Futura-Medium\",\"text_font_line_spacing\":\"\",\"text_font_shadow\":\"\",\"text_font_shadow_distance\":\"\",\"text_font_stroke\":\"\",\"text_position_center_y\":\"0.51\",\"backgroundType\":\"\",\"image_saturation\":\"\",\"y\":\"0.51\",\"rotation\":\"0.0\",\"text_font_size\":\"100\",\"text_font_uppercase_lowercase\":\"2\",\"text_transform\":\"\",\"text_font_shadow_angle\":\"\",\"text_font_stroke_size\":\"\",\"image_id\":\"\",\"image_filter\":\"\",\"image_sharpness\":\"\",\"image_name\":\"\"},{\"type\":\"text\",\"width\":\"3.2\",\"text_id\":\"8\",\"text_font_color_alpha\":\"1\",\"text_alignment\":\"1\",\"text_font_shadow_size\":\"\",\"text_font_shadow_color_alpha\":\"\",\"text_font_stroke_color\":\"\",\"image_brightness\":\"\",\"old_image\":\"\",\"base_width\":\"375\",\"id\":\"9\",\"height\":\"0.4\",\"text_name\":\"LANE RECIDENCE \\u2022 123 ANYWHERE ST.\",\"text_font_letter_spacing\":\"\",\"text_font_color\":\"#ffffff\",\"text_font_shadow_color\":\"\",\"text_isEmoji\":\"\",\"text_position_center_x\":\"0.5\",\"template_background_color\":\"\",\"image_constrast\":\"\",\"x\":\"0.5\",\"Scale\":\"0.13\",\"text_font_family\":\"Futura-Medium\",\"text_font_line_spacing\":\"\",\"text_font_shadow\":\"\",\"text_font_shadow_distance\":\"\",\"text_font_stroke\":\"\",\"text_position_center_y\":\"0.55\",\"backgroundType\":\"\",\"image_saturation\":\"\",\"y\":\"0.54\",\"rotation\":\"0.0\",\"text_font_size\":\"100\",\"text_font_uppercase_lowercase\":\"2\",\"text_transform\":\"\",\"text_font_shadow_angle\":\"\",\"text_font_stroke_size\":\"\",\"image_id\":\"\",\"image_filter\":\"\",\"image_sharpness\":\"\",\"image_name\":\"\"}]}',0,NULL,1579857426,1579860393),(507,9,52,'images/9/52/73741579862037.png','thumb_1579862038.png','{\"elements\":[{\"type\":\"background\",\"width\":\"1\",\"text_id\":\"\",\"text_font_color_alpha\":\"\",\"text_alignment\":\"\",\"text_font_shadow_size\":\"\",\"text_font_shadow_color_alpha\":\"\",\"text_font_stroke_color\":\"\",\"image_brightness\":\"0.0\",\"old_image\":\"images/9/52/image_name/81891579862037.png\",\"base_width\":\"375\",\"id\":\"1\",\"height\":\"1\",\"text_name\":\"\",\"text_font_letter_spacing\":\"\",\"text_font_color\":\"\",\"text_font_shadow_color\":\"\",\"text_isEmoji\":\"\",\"text_position_center_x\":\"\",\"template_background_color\":\"\",\"image_constrast\":\"1\",\"x\":\"0.0\",\"Scale\":\"1\",\"text_font_family\":\"\",\"text_font_line_spacing\":\"\",\"text_font_shadow\":\"\",\"text_font_shadow_distance\":\"\",\"text_font_stroke\":\"\",\"text_position_center_y\":\"\",\"backgroundType\":\"3\",\"image_saturation\":\"1\",\"y\":\"0.0\",\"rotation\":\"\",\"text_font_size\":\"\",\"text_font_uppercase_lowercase\":\"\",\"text_transform\":\"\",\"text_font_shadow_angle\":\"\",\"text_font_stroke_size\":\"\",\"image_id\":\"1\",\"image_filter\":\"none\",\"image_sharpness\":\"\",\"image_name\":\"images/9/52/image_name/81891579862037.png\"},{\"type\":\"text\",\"width\":\"2.1\",\"text_id\":\"1\",\"text_font_color_alpha\":\"1\",\"text_alignment\":\"1\",\"text_font_shadow_size\":\"\",\"text_font_shadow_color_alpha\":\"\",\"text_font_stroke_color\":\"\",\"image_brightness\":\"\",\"old_image\":\"\",\"base_width\":\"375\",\"id\":\"2\",\"height\":\"0.7\",\"text_name\":\"Travel Story\",\"text_font_letter_spacing\":\"\",\"text_font_color\":\"#ff6d92\",\"text_font_shadow_color\":\"\",\"text_isEmoji\":\"\",\"text_position_center_x\":\"0.5\",\"template_background_color\":\"\",\"image_constrast\":\"\",\"x\":\"0.5\",\"Scale\":\"1.1\",\"text_font_family\":\"Antique\",\"text_font_line_spacing\":\"\",\"text_font_shadow\":\"\",\"text_font_shadow_distance\":\"\",\"text_font_stroke\":\"\",\"text_position_center_y\":\"0.14\",\"backgroundType\":\"\",\"image_saturation\":\"\",\"y\":\"0.14\",\"rotation\":\"0.0\",\"text_font_size\":\"100\",\"text_font_uppercase_lowercase\":\"2\",\"text_transform\":\"\",\"text_font_shadow_angle\":\"\",\"text_font_stroke_size\":\"\",\"image_id\":\"\",\"image_filter\":\"\",\"image_sharpness\":\"\",\"image_name\":\"\"},{\"type\":\"text\",\"width\":\"3.7\",\"text_id\":\"2\",\"text_font_color_alpha\":\"1\",\"text_alignment\":\"1\",\"text_font_shadow_size\":\"\",\"text_font_shadow_color_alpha\":\"\",\"text_font_stroke_color\":\"\",\"image_brightness\":\"\",\"old_image\":\"\",\"base_width\":\"375\",\"id\":\"3\",\"height\":\"0.5\",\"text_name\":\"Pulvinar elementum integer enim neque volupat. Laoreet sit amet\\\\ncursus sit.\",\"text_font_letter_spacing\":\"\",\"text_font_color\":\"#434343\",\"text_font_shadow_color\":\"\",\"text_isEmoji\":\"\",\"text_position_center_x\":\"0.5\",\"template_background_color\":\"\",\"image_constrast\":\"\",\"x\":\"0.5\",\"Scale\":\"0.09\",\"text_font_family\":\"OpenSans\",\"text_font_line_spacing\":\"\",\"text_font_shadow\":\"\",\"text_font_shadow_distance\":\"\",\"text_font_stroke\":\"\",\"text_position_center_y\":\"0.89\",\"backgroundType\":\"\",\"image_saturation\":\"\",\"y\":\"0.89\",\"rotation\":\"0.0\",\"text_font_size\":\"100\",\"text_font_uppercase_lowercase\":\"2\",\"text_transform\":\"\",\"text_font_shadow_angle\":\"\",\"text_font_stroke_size\":\"\",\"image_id\":\"\",\"image_filter\":\"\",\"image_sharpness\":\"\",\"image_name\":\"\"}]}',0,NULL,1579862038,1579863102),(508,9,52,'images/9/52/48931579864334.png','thumb_1579864334.png','{\"elements\":[{\"type\":\"background\",\"width\":\"1\",\"text_id\":\"\",\"text_font_color_alpha\":\"\",\"text_alignment\":\"\",\"text_font_shadow_size\":\"\",\"text_font_shadow_color_alpha\":\"\",\"text_font_stroke_color\":\"\",\"image_brightness\":\"0.0\",\"old_image\":\"images/9/52/image_name/26141579864334.png\",\"base_width\":\"375\",\"id\":\"1\",\"height\":\"1\",\"text_name\":\"\",\"text_font_letter_spacing\":\"\",\"text_font_color\":\"\",\"text_font_shadow_color\":\"\",\"text_isEmoji\":\"\",\"text_position_center_x\":\"\",\"template_background_color\":\"\",\"image_constrast\":\"1\",\"x\":\"0.0\",\"Scale\":\"1\",\"text_font_family\":\"\",\"text_font_line_spacing\":\"\",\"text_font_shadow\":\"\",\"text_font_shadow_distance\":\"\",\"text_font_stroke\":\"\",\"text_position_center_y\":\"\",\"backgroundType\":\"3\",\"image_saturation\":\"1\",\"y\":\"0.0\",\"rotation\":\"0.0\",\"text_font_size\":\"\",\"text_font_uppercase_lowercase\":\"\",\"text_transform\":\"\",\"text_font_shadow_angle\":\"\",\"text_font_stroke_size\":\"\",\"image_id\":\"1\",\"image_filter\":\"none\",\"image_sharpness\":\"\",\"image_name\":\"images/9/52/image_name/26141579864334.png\"},{\"type\":\"text\",\"width\":\"2.4\",\"text_id\":\"1\",\"text_font_color_alpha\":\"1\",\"text_alignment\":\"1\",\"text_font_shadow_size\":\"\",\"text_font_shadow_color_alpha\":\"\",\"text_font_stroke_color\":\"\",\"image_brightness\":\"\",\"old_image\":\"\",\"base_width\":\"375\",\"id\":\"2\",\"height\":\"0.3\",\"text_name\":\"FIND YOUR BALANCE AND CELEBRATE THE\",\"text_font_letter_spacing\":\"\",\"text_font_color\":\"#2c2c2c\",\"text_font_shadow_color\":\"\",\"text_isEmoji\":\"\",\"text_position_center_x\":\"0.5\",\"template_background_color\":\"\",\"image_constrast\":\"\",\"x\":\"0.5\",\"Scale\":\"0.16\",\"text_font_family\":\"Bebas-Regular\",\"text_font_line_spacing\":\"\",\"text_font_shadow\":\"\",\"text_font_shadow_distance\":\"\",\"text_font_stroke\":\"\",\"text_position_center_y\":\"0.08\",\"backgroundType\":\"\",\"image_saturation\":\"\",\"y\":\"0.08\",\"rotation\":\"0.0\",\"text_font_size\":\"100\",\"text_font_uppercase_lowercase\":\"2\",\"text_transform\":\"\",\"text_font_shadow_angle\":\"\",\"text_font_stroke_size\":\"\",\"image_id\":\"\",\"image_filter\":\"\",\"image_sharpness\":\"\",\"image_name\":\"\"},{\"type\":\"text\",\"width\":\"3.5\",\"text_id\":\"2\",\"text_font_color_alpha\":\"1\",\"text_alignment\":\"1\",\"text_font_shadow_size\":\"\",\"text_font_shadow_color_alpha\":\"\",\"text_font_stroke_color\":\"\",\"image_brightness\":\"\",\"old_image\":\"\",\"base_width\":\"375\",\"id\":\"3\",\"height\":\"0.75\",\"text_name\":\"International\\\\nDay of Yoga\",\"text_font_letter_spacing\":\"\",\"text_font_color\":\"#2a2917\",\"text_font_shadow_color\":\"\",\"text_isEmoji\":\"\",\"text_position_center_x\":\"0.51\",\"template_background_color\":\"\",\"image_constrast\":\"\",\"x\":\"0.51\",\"Scale\":\"0.57\",\"text_font_family\":\"BeyondTheMountains\",\"text_font_line_spacing\":\"10\",\"text_font_shadow\":\"\",\"text_font_shadow_distance\":\"\",\"text_font_stroke\":\"\",\"text_position_center_y\":\"0.54\",\"backgroundType\":\"\",\"image_saturation\":\"\",\"y\":\"0.55\",\"rotation\":\"0.0\",\"text_font_size\":\"100\",\"text_font_uppercase_lowercase\":\"2\",\"text_transform\":\"\",\"text_font_shadow_angle\":\"\",\"text_font_stroke_size\":\"\",\"image_id\":\"\",\"image_filter\":\"\",\"image_sharpness\":\"\",\"image_name\":\"\"},{\"type\":\"text\",\"width\":\"3.2\",\"text_id\":\"3\",\"text_font_color_alpha\":\"1\",\"text_alignment\":\"1\",\"text_font_shadow_size\":\"\",\"text_font_shadow_color_alpha\":\"\",\"text_font_stroke_color\":\"\",\"image_brightness\":\"\",\"old_image\":\"\",\"base_width\":\"375\",\"id\":\"4\",\"height\":\"0.7\",\"text_name\":\"WING BY ANY YOGA STUDIO FOR FREE CLASS.\\\\nBRING YOUR OWN MATS!\",\"text_font_letter_spacing\":\"\",\"text_font_color\":\"#b0ba74\",\"text_font_shadow_color\":\"\",\"text_isEmoji\":\"\",\"text_position_center_x\":\"0.5\",\"template_background_color\":\"\",\"image_constrast\":\"\",\"x\":\"0.5\",\"Scale\":\"0.16\",\"text_font_family\":\"Bebas-Regular\",\"text_font_line_spacing\":\"\",\"text_font_shadow\":\"\",\"text_font_shadow_distance\":\"\",\"text_font_stroke\":\"\",\"text_position_center_y\":\"0.69\",\"backgroundType\":\"\",\"image_saturation\":\"\",\"y\":\"0.69\",\"rotation\":\"0.0\",\"text_font_size\":\"100\",\"text_font_uppercase_lowercase\":\"2\",\"text_transform\":\"\",\"text_font_shadow_angle\":\"\",\"text_font_stroke_size\":\"\",\"image_id\":\"\",\"image_filter\":\"\",\"image_sharpness\":\"\",\"image_name\":\"\"},{\"type\":\"text\",\"width\":\"3.5\",\"text_id\":\"4\",\"text_font_color_alpha\":\"1\",\"text_alignment\":\"1\",\"text_font_shadow_size\":\"\",\"text_font_shadow_color_alpha\":\"\",\"text_font_stroke_color\":\"\",\"image_brightness\":\"\",\"old_image\":\"\",\"base_width\":\"375\",\"id\":\"5\",\"height\":\"0.8\",\"text_name\":\"JUNE 21, 2017 | 3-4PM ANY YOGA STUDIO\\\\nANY CITY | 123-45-67\",\"text_font_letter_spacing\":\"\",\"text_font_color\":\"#2c2c2c\",\"text_font_shadow_color\":\"\",\"text_isEmoji\":\"\",\"text_position_center_x\":\"0.5\",\"template_background_color\":\"\",\"image_constrast\":\"\",\"x\":\"0.5\",\"Scale\":\"0.15\",\"text_font_family\":\"Bebas-Regular\",\"text_font_line_spacing\":\"\",\"text_font_shadow\":\"\",\"text_font_shadow_distance\":\"\",\"text_font_stroke\":\"\",\"text_position_center_y\":\"0.93\",\"backgroundType\":\"\",\"image_saturation\":\"\",\"y\":\"0.93\",\"rotation\":\"0.0\",\"text_font_size\":\"100\",\"text_font_uppercase_lowercase\":\"2\",\"text_transform\":\"\",\"text_font_shadow_angle\":\"\",\"text_font_stroke_size\":\"\",\"image_id\":\"\",\"image_filter\":\"\",\"image_sharpness\":\"\",\"image_name\":\"\"}]}',0,NULL,1579864334,1579865764),(509,9,52,'images/9/52/41881579867660.png','thumb_1579867660.png','{\"elements\":[{\"type\":\"background\",\"width\":\"1\",\"text_id\":\"\",\"text_font_color_alpha\":\"\",\"text_alignment\":\"\",\"text_font_shadow_size\":\"\",\"text_font_shadow_color_alpha\":\"\",\"text_font_stroke_color\":\"\",\"image_brightness\":\"0.0\",\"old_image\":\"images/9/52/image_name/67581579867659.png\",\"base_width\":\"375\",\"id\":\"1\",\"height\":\"1\",\"text_name\":\"\",\"text_font_letter_spacing\":\"\",\"text_font_color\":\"\",\"text_font_shadow_color\":\"\",\"text_isEmoji\":\"\",\"text_position_center_x\":\"\",\"template_background_color\":\"\",\"image_constrast\":\"1\",\"x\":\"0.0\",\"Scale\":\"1\",\"text_font_family\":\"\",\"text_font_line_spacing\":\"\",\"text_font_shadow\":\"\",\"text_font_shadow_distance\":\"\",\"text_font_stroke\":\"\",\"text_position_center_y\":\"\",\"backgroundType\":\"3\",\"image_saturation\":\"1\",\"y\":\"0.0\",\"rotation\":\"0.0\",\"text_font_size\":\"\",\"text_font_uppercase_lowercase\":\"\",\"text_transform\":\"\",\"text_font_shadow_angle\":\"\",\"text_font_stroke_size\":\"\",\"image_id\":\"1\",\"image_filter\":\"none\",\"image_sharpness\":\"\",\"image_name\":\"images/9/52/image_name/67581579867659.png\"},{\"type\":\"text\",\"width\":\"1.75\",\"text_id\":\"1\",\"text_font_color_alpha\":\"1\",\"text_alignment\":\"\",\"text_font_shadow_size\":\"\",\"text_font_shadow_color_alpha\":\"\",\"text_font_stroke_color\":\"\",\"image_brightness\":\"\",\"old_image\":\"\",\"base_width\":\"375\",\"id\":\"2\",\"height\":\"0.5\",\"text_name\":\"Introduction to\\\\nYoga Class\",\"text_font_letter_spacing\":\"\",\"text_font_color\":\"#633d5b\",\"text_font_shadow_color\":\"\",\"text_isEmoji\":\"\",\"text_position_center_x\":\"0.44\",\"template_background_color\":\"\",\"image_constrast\":\"\",\"x\":\"0.44\",\"Scale\":\"0.27\",\"text_font_family\":\"Arial-Black\",\"text_font_line_spacing\":\"\",\"text_font_shadow\":\"\",\"text_font_shadow_distance\":\"\",\"text_font_stroke\":\"\",\"text_position_center_y\":\"0.12\",\"backgroundType\":\"\",\"image_saturation\":\"\",\"y\":\"0.12\",\"rotation\":\"0.0\",\"text_font_size\":\"100\",\"text_font_uppercase_lowercase\":\"2\",\"text_transform\":\"\",\"text_font_shadow_angle\":\"\",\"text_font_stroke_size\":\"\",\"image_id\":\"\",\"image_filter\":\"\",\"image_sharpness\":\"\",\"image_name\":\"\"},{\"type\":\"text\",\"width\":\"2.5\",\"text_id\":\"2\",\"text_font_color_alpha\":\"1\",\"text_alignment\":\"1\",\"text_font_shadow_size\":\"\",\"text_font_shadow_color_alpha\":\"\",\"text_font_stroke_color\":\"\",\"image_brightness\":\"\",\"old_image\":\"\",\"base_width\":\"375\",\"id\":\"3\",\"height\":\"0.8\",\"text_name\":\"A BEGINNER\'S CLASS ABOUT\\\\nTHE FUNDAMENTALS OF YOGA\",\"text_font_letter_spacing\":\"\",\"text_font_color\":\"#633d5b\",\"text_font_shadow_color\":\"\",\"text_isEmoji\":\"\",\"text_position_center_x\":\"0.28\",\"template_background_color\":\"\",\"image_constrast\":\"\",\"x\":\"0.28\",\"Scale\":\"0.23\",\"text_font_family\":\"Amatic-Bold\",\"text_font_line_spacing\":\"\",\"text_font_shadow\":\"\",\"text_font_shadow_distance\":\"\",\"text_font_stroke\":\"\",\"text_position_center_y\":\"0.22\",\"backgroundType\":\"\",\"image_saturation\":\"\",\"y\":\"0.22\",\"rotation\":\"0.0\",\"text_font_size\":\"100\",\"text_font_uppercase_lowercase\":\"2\",\"text_transform\":\"\",\"text_font_shadow_angle\":\"\",\"text_font_stroke_size\":\"\",\"image_id\":\"\",\"image_filter\":\"\",\"image_sharpness\":\"\",\"image_name\":\"\"}]}',0,NULL,1579867660,1579870293),(510,9,52,'images/9/52/47411579871776.png','thumb_1579871776.png','{\"elements\":[{\"type\":\"background\",\"width\":\"1\",\"text_id\":\"\",\"text_font_color_alpha\":\"\",\"text_alignment\":\"\",\"text_font_shadow_size\":\"\",\"text_font_shadow_color_alpha\":\"\",\"text_font_stroke_color\":\"\",\"image_brightness\":\"0.0\",\"old_image\":\"images/9/52/image_name/67821579871776.png\",\"base_width\":\"375\",\"id\":\"1\",\"height\":\"1\",\"text_name\":\"\",\"text_font_letter_spacing\":\"\",\"text_font_color\":\"\",\"text_font_shadow_color\":\"\",\"text_isEmoji\":\"\",\"text_position_center_x\":\"\",\"template_background_color\":\"\",\"image_constrast\":\"1\",\"x\":\"0.0\",\"Scale\":\"1\",\"text_font_family\":\"\",\"text_font_line_spacing\":\"\",\"text_font_shadow\":\"\",\"text_font_shadow_distance\":\"\",\"text_font_stroke\":\"\",\"text_position_center_y\":\"\",\"backgroundType\":\"3\",\"image_saturation\":\"1\",\"y\":\"0.0\",\"rotation\":\"\",\"text_font_size\":\"\",\"text_font_uppercase_lowercase\":\"\",\"text_transform\":\"\",\"text_font_shadow_angle\":\"\",\"text_font_stroke_size\":\"\",\"image_id\":\"1\",\"image_filter\":\"none\",\"image_sharpness\":\"\",\"image_name\":\"images/9/52/image_name/67821579871776.png\"},{\"type\":\"text\",\"width\":\"2.75\",\"text_id\":\"1\",\"text_font_color_alpha\":\"1\",\"text_alignment\":\"1\",\"text_font_shadow_size\":\"\",\"text_font_shadow_color_alpha\":\"\",\"text_font_stroke_color\":\"\",\"image_brightness\":\"\",\"old_image\":\"\",\"base_width\":\"375\",\"id\":\"2\",\"height\":\"0.7\",\"text_name\":\"On International Yoga Day,\\\\nMandala Yoga presents:\",\"text_font_letter_spacing\":\"\",\"text_font_color\":\"#ffffff\",\"text_font_shadow_color\":\"\",\"text_isEmoji\":\"\",\"text_position_center_x\":\"0.5\",\"template_background_color\":\"\",\"image_constrast\":\"\",\"x\":\"0.5\",\"Scale\":\"0.21\",\"text_font_family\":\"Barlow-Regular\",\"text_font_line_spacing\":\"-1\",\"text_font_shadow\":\"\",\"text_font_shadow_distance\":\"\",\"text_font_stroke\":\"\",\"text_position_center_y\":\"0.13\",\"backgroundType\":\"\",\"image_saturation\":\"\",\"y\":\"0.13\",\"rotation\":\"0.0\",\"text_font_size\":\"100\",\"text_font_uppercase_lowercase\":\"2\",\"text_transform\":\"\",\"text_font_shadow_angle\":\"\",\"text_font_stroke_size\":\"\",\"image_id\":\"\",\"image_filter\":\"\",\"image_sharpness\":\"\",\"image_name\":\"\"},{\"type\":\"text\",\"width\":\"2.1\",\"text_id\":\"2\",\"text_font_color_alpha\":\"1\",\"text_alignment\":\"1\",\"text_font_shadow_size\":\"\",\"text_font_shadow_color_alpha\":\"\",\"text_font_stroke_color\":\"\",\"image_brightness\":\"\",\"old_image\":\"\",\"base_width\":\"375\",\"id\":\"3\",\"height\":\"1.2\",\"text_name\":\"YOGA\\\\nIN THE\\\\nPARK\",\"text_font_letter_spacing\":\"\",\"text_font_color\":\"#000000\",\"text_font_shadow_color\":\"\",\"text_isEmoji\":\"\",\"text_position_center_x\":\"0.5\",\"template_background_color\":\"\",\"image_constrast\":\"\",\"x\":\"0.5\",\"Scale\":\"1.01\",\"text_font_family\":\"Barlow-Bold\",\"text_font_line_spacing\":\"\",\"text_font_shadow\":\"\",\"text_font_shadow_distance\":\"\",\"text_font_stroke\":\"\",\"text_position_center_y\":\"0.47\",\"backgroundType\":\"\",\"image_saturation\":\"\",\"y\":\"0.47\",\"rotation\":\"0.0\",\"text_font_size\":\"100\",\"text_font_uppercase_lowercase\":\"2\",\"text_transform\":\"\",\"text_font_shadow_angle\":\"\",\"text_font_stroke_size\":\"\",\"image_id\":\"\",\"image_filter\":\"\",\"image_sharpness\":\"\",\"image_name\":\"\"},{\"type\":\"text\",\"width\":\"3.2\",\"text_id\":\"3\",\"text_font_color_alpha\":\"1\",\"text_alignment\":\"1\",\"text_font_shadow_size\":\"\",\"text_font_shadow_color_alpha\":\"\",\"text_font_stroke_color\":\"\",\"image_brightness\":\"\",\"old_image\":\"\",\"base_width\":\"375\",\"id\":\"4\",\"height\":\"0.75\",\"text_name\":\"6:30am-8:00am | June 11, 2020\\\\n Infinite Green Park\",\"text_font_letter_spacing\":\"\",\"text_font_color\":\"#ffffff\",\"text_font_shadow_color\":\"\",\"text_isEmoji\":\"\",\"text_position_center_x\":\"0.5\",\"template_background_color\":\"\",\"image_constrast\":\"\",\"x\":\"0.5\",\"Scale\":\"0.22\",\"text_font_family\":\"Barlow-Regular\",\"text_font_line_spacing\":\"\",\"text_font_shadow\":\"\",\"text_font_shadow_distance\":\"\",\"text_font_stroke\":\"\",\"text_position_center_y\":\"0.86\",\"backgroundType\":\"\",\"image_saturation\":\"\",\"y\":\"0.86\",\"rotation\":\"0.0\",\"text_font_size\":\"100\",\"text_font_uppercase_lowercase\":\"2\",\"text_transform\":\"\",\"text_font_shadow_angle\":\"\",\"text_font_stroke_size\":\"\",\"image_id\":\"\",\"image_filter\":\"\",\"image_sharpness\":\"\",\"image_name\":\"\"},{\"type\":\"text\",\"width\":\"2.5\",\"text_id\":\"4\",\"text_font_color_alpha\":\"1\",\"text_alignment\":\"1\",\"text_font_shadow_size\":\"\",\"text_font_shadow_color_alpha\":\"\",\"text_font_stroke_color\":\"\",\"image_brightness\":\"\",\"old_image\":\"\",\"base_width\":\"375\",\"id\":\"5\",\"height\":\"0.4\",\"text_name\":\"For more info, visit:www.xyx.com\",\"text_font_letter_spacing\":\"\",\"text_font_color\":\"#ffffff\",\"text_font_shadow_color\":\"\",\"text_isEmoji\":\"\",\"text_position_center_x\":\"0.5\",\"template_background_color\":\"\",\"image_constrast\":\"\",\"x\":\"0.5\",\"Scale\":\"0.13\",\"text_font_family\":\"Barlow-Regular\",\"text_font_line_spacing\":\"\",\"text_font_shadow\":\"\",\"text_font_shadow_distance\":\"\",\"text_font_stroke\":\"\",\"text_position_center_y\":\"0.92\",\"backgroundType\":\"\",\"image_saturation\":\"\",\"y\":\"0.92\",\"rotation\":\"0.0\",\"text_font_size\":\"100\",\"text_font_uppercase_lowercase\":\"2\",\"text_transform\":\"\",\"text_font_shadow_angle\":\"\",\"text_font_stroke_size\":\"\",\"image_id\":\"\",\"image_filter\":\"\",\"image_sharpness\":\"\",\"image_name\":\"\"}]}',0,NULL,1579871776,1579873483);

--
-- Table structure for table `sizeMaster`
--

CREATE TABLE `sizeMaster` (
  `iSizeId` int(11) NOT NULL AUTO_INCREMENT,
  `iSocialMediaId` int(11) NOT NULL,
  `vImage` varchar(100) DEFAULT NULL,
  `iHeight` int(4) NOT NULL,
  `iWidth` int(4) NOT NULL,
  `iRows` int(11) DEFAULT NULL,
  `fWidthRatio` float(10,2) DEFAULT NULL,
  `fHeightRatio` float(10,2) DEFAULT NULL,
  `iStatus` tinyint(1) NOT NULL DEFAULT '1' COMMENT '1 = active, 0 = inactive',
  `iSortOrder` int(11) DEFAULT NULL,
  `iCreatedAt` int(11) NOT NULL,
  `iUpdatedAt` int(11) DEFAULT NULL,
  PRIMARY KEY (`iSizeId`),
  KEY `fk_sizeMaster_1_idx` (`iSocialMediaId`),
  CONSTRAINT `fk_sizeMaster_1` FOREIGN KEY (`iSocialMediaId`) REFERENCES `socialMediaMaster` (`iSocialMediaId`) ON DELETE CASCADE ON UPDATE NO ACTION
) ENGINE=InnoDB AUTO_INCREMENT=56 DEFAULT CHARSET=latin1;

--
-- Dumping data for table `sizeMaster`
--

INSERT INTO `sizeMaster` VALUES (20,2,'images/sizes/1571114743.png',800,800,2,16.00,9.22,1,20,1571114743,1571209712),(21,2,'images/sizes/1571114775.png',720,1280,2,16.00,9.22,1,21,1571114775,1571130520),(22,2,'images/sizes/1571114800.png',1440,2560,1,16.00,9.22,1,22,1571114800,1571131095),(23,3,'images/sizes/1571114841.png',110,110,2,16.00,12.05,1,23,1571114841,1571131180),(24,3,'images/sizes/1571114862.png',161,161,2,16.00,12.05,0,24,1571114862,1579244432),(25,3,'images/sizes/1571114912.png',608,1080,1,16.00,12.05,1,25,1571114912,1571131252),(26,3,'images/sizes/1571114886.png',1080,1080,2,16.00,14.94,1,26,1571114886,1571130462),(27,3,'images/sizes/1571114949.png',1350,1080,2,16.00,20.67,1,27,1571114949,1571130474),(28,3,'images/sizes/1571114972.png',1920,1080,2,16.00,24.07,1,28,1571114972,1576835612),(29,4,'images/sizes/1571115039.png',180,180,2,16.00,12.39,1,29,1571115039,1576835659),(30,4,'images/sizes/1571115065.png',312,820,1,16.00,12.39,1,30,1571115065,1571131478),(31,4,'images/sizes/1571115084.png',1920,1080,2,16.00,12.39,1,32,1571115084,1576835671),(32,4,'images/sizes/52881577445465.png',628,1200,2,16.00,12.39,1,33,1571115104,1577445465),(33,4,'images/sizes/1571115127.png',630,1200,2,16.00,12.39,0,34,1571115127,1577080037),(34,4,'images/sizes/1571115149.png',717,1200,2,16.00,12.39,0,35,1571115149,1577080026),(35,4,'images/sizes/1571115172.png',1080,1920,1,16.00,12.39,1,36,1571115172,1576835696),(36,5,'images/sizes/1571115215.png',400,400,2,16.00,9.55,1,37,1571115215,1576835740),(37,5,'images/sizes/1571741066.png',512,1024,2,16.00,9.55,1,38,1571115230,1576835742),(38,5,'images/sizes/1571115256.png',500,1500,1,16.00,9.55,1,39,1571115256,1576835747),(39,6,'images/sizes/1571115284.png',60,60,2,16.00,9.55,0,27,1571115284,1575971633),(40,6,'images/sizes/1571115303.png',300,300,2,16.00,9.55,0,26,1571115303,1575971658),(41,6,'images/sizes/1571115318.png',400,400,2,16.00,9.55,0,25,1571115318,1575971574),(42,6,'images/sizes/1571115341.png',220,646,2,16.00,9.55,0,21,1571115341,1575971641),(43,6,'images/sizes/1571115379.png',376,1128,1,16.00,9.55,0,24,1571115379,1575971614),(44,6,'images/sizes/1571115409.png',768,1536,1,16.00,9.55,1,23,1571115409,1571115409),(45,6,'images/sizes/1571115444.png',396,1584,2,16.00,9.55,0,22,1571115444,1575971619),(46,7,'images/sizes/1571115612.png',165,165,2,16.00,9.55,1,40,1571115612,1576835757),(47,7,'images/sizes/1571987885.png',1200,800,2,16.00,9.55,1,41,1571115634,1576835761),(48,8,'images/sizes/1571115660.png',150,150,2,16.00,16.36,0,48,1571115660,1575971805),(49,8,'images/sizes/1571115676.png',250,250,2,16.00,16.36,0,49,1571115676,1575971822),(50,8,'images/sizes/1571115697.png',373,497,2,16.00,16.36,0,50,1571115697,1575971527),(51,8,'images/sizes/1571115717.png',608,1080,1,16.00,16.36,0,51,1571115717,1575971512),(52,9,'images/sizes/1571115750.png',1920,1080,2,16.00,24.07,1,42,1571115750,1576835768),(55,4,'images/sizes/1571894347.png',788,940,2,16.00,12.39,1,31,1571893664,1576835668);

--
-- Table structure for table `socialMediaMaster`
--

CREATE TABLE `socialMediaMaster` (
  `iSocialMediaId` int(11) NOT NULL AUTO_INCREMENT,
  `vName` varchar(45) NOT NULL,
  `vIcon` varchar(255) NOT NULL,
  `iStatus` tinyint(1) NOT NULL DEFAULT '1' COMMENT '1 = active, 0 = inactive',
  `iSortOrder` int(11) DEFAULT NULL,
  `iCreatedAt` int(11) NOT NULL,
  `iUpdatedAt` int(11) DEFAULT NULL,
  PRIMARY KEY (`iSocialMediaId`)
) ENGINE=InnoDB AUTO_INCREMENT=11 DEFAULT CHARSET=latin1;

--
-- Dumping data for table `socialMediaMaster`
--

INSERT INTO `socialMediaMaster` VALUES (1,'Custom Size','images/socialMediaIcon/1570798816.png',1,10,1570614775,1579165939),(2,'Youtube','images/socialMediaIcon/1570798907.png',1,2,1570615054,1579165937),(3,'Instagram','images/socialMediaIcon/1570798935.png',1,3,1570615275,1572848526),(4,'Facebook','images/socialMediaIcon/1570798947.png',1,4,1570615287,1572849153),(5,'Twitter','images/socialMediaIcon/1570798962.png',1,5,1570615365,1572848530),(6,'LinkedIn','images/socialMediaIcon/1570798982.png',0,6,1570798982,1572849282),(7,'Pinterest','images/socialMediaIcon/1570799006.png',1,7,1570799006,1572848534),(8,'Google+','images/socialMediaIcon/1570799027.png',0,8,1570799027,1572849284),(9,'Snapchat','images/socialMediaIcon/1570799046.png',1,9,1570799046,1579166075),(10,'My Designs','images/socialMediaIcon/50081576499341.png',1,1,1576499341,1579166073);

--
-- Table structure for table `videoMaster`
--

CREATE TABLE `videoMaster` (
  `id` int(11) NOT NULL AUTO_INCREMENT,
  `vThumbnails` varchar(255) NOT NULL,
  `vVideo` varchar(255) NOT NULL,
  `tCategory` tinyint(1) NOT NULL DEFAULT '1' COMMENT '1=>Normal ,2=>Trending',
  `iSortOrder` int(11) DEFAULT NULL,
  `iStatus` int(11) NOT NULL DEFAULT '1',
  `iCreatedAt` int(11) NOT NULL,
  `iUpdatedAt` int(11) NOT NULL,
  PRIMARY KEY (`id`)
) ENGINE=InnoDB AUTO_INCREMENT=32 DEFAULT CHARSET=latin1;

--
-- Dumping data for table `videoMaster`
--

INSERT INTO `videoMaster` VALUES (1,'video/thumbnails/34341578636120.png','video/30491578058256.mp4',1,4,1,1578058256,1597840441),(2,'video/thumbnails/89841578636173.png','video/96171578058310.mp4',1,1,1,1578058310,1578636173),(3,'video/thumbnails/74011578636178.png','video/46071578058326.mp4',1,3,1,1578058326,1578636178),(4,'video/thumbnails/68121578636184.png','video/18061578058412.mp4',1,2,1,1578058412,1597840458),(5,'video/thumbnails/58951578636188.png','video/95101578058430.mp4',1,5,1,1578058430,1578636188),(6,'video/thumbnails/59271578636193.png','video/87151578479045.mp4',1,6,1,1578479045,1578636193),(7,'video/thumbnails/59951578636198.png','video/39291578479060.mp4',1,7,1,1578479060,1578636198),(8,'video/thumbnails/68251578636204.png','video/15761578479074.mp4',1,8,1,1578479074,1578636204),(9,'video/thumbnails/79021578636209.png','video/46521578479090.mp4',1,9,1,1578479090,1578636209),(10,'video/thumbnails/14241578636215.png','video/26641578479117.mp4',1,10,1,1578479117,1578636215),(11,'video/thumbnails/30261578636259.png','video/45261578479145.mp4',1,11,1,1578479145,1578636259),(12,'video/thumbnails/77401578636264.png','video/11551578479164.mp4',1,12,1,1578479164,1578636264),(13,'video/thumbnails/52231578636269.png','video/21241578479181.mp4',1,13,1,1578479181,1578636269),(14,'video/thumbnails/65241578636275.png','video/95061578479192.mp4',1,14,1,1578479193,1578636275),(15,'video/thumbnails/83351578636280.png','video/33951578479204.mp4',1,15,1,1578479204,1578636280),(16,'video/thumbnails/28301578636289.png','video/33731578479217.mp4',1,16,1,1578479217,1578636289),(17,'video/thumbnails/94881578636294.png','video/94501578479234.mp4',1,17,1,1578479234,1578636294),(18,'video/thumbnails/23971578636301.png','video/49511578479259.mp4',1,18,1,1578479259,1578636301),(19,'video/thumbnails/60091578636309.png','video/53681578479274.mp4',1,19,1,1578479274,1578636309),(20,'video/thumbnails/94811578636315.png','video/24571578479290.mp4',1,20,1,1578479290,1578636315),(21,'video/thumbnails/83161578636351.png','video/52781578479322.mp4',1,21,1,1578479322,1578636351),(22,'video/thumbnails/46921578636361.png','video/71971578479333.mp4',1,22,1,1578479333,1578636361),(23,'video/thumbnails/92451578636366.png','video/84231578479344.mp4',1,23,1,1578479345,1578636366),(24,'video/thumbnails/55111578636373.png','video/60381578479356.mp4',1,24,1,1578479356,1578636373),(25,'video/thumbnails/22231578636378.png','video/26831578479367.mp4',1,25,1,1578479367,1578636378),(26,'video/thumbnails/65281578636384.png','video/26291578479379.mp4',1,26,1,1578479380,1578636384),(27,'video/thumbnails/34801578636389.png','video/64541578479397.mp4',1,27,1,1578479398,1578636389),(28,'video/thumbnails/97141578636395.png','video/11651578479419.mp4',1,28,1,1578479419,1578636395),(29,'video/thumbnails/28701578636400.png','video/46541578479431.mp4',1,29,1,1578479431,1578636401),(30,'video/thumbnails/41341578636407.png','video/25251578479450.mp4',1,30,1,1578479450,1578636407),(31,'video/thumbnails/31261578636426.png','video/32391578479478.mp4',1,31,1,1578479478,1578636426);


